u = 4 + i. Suppose c = -2*z - 4, -c + u*z + 1 = 4*z. What are the prime factors of c?
2, 3
Suppose 0 = 2*d + 2*l - 0*l + 6, 5*d = 2*l - 8. Suppose -11 = -4*r - x, -4*r - 7*x - 4 = -3*x. Let q = r + d. List the prime factors of q.
2
Suppose -p + 75 = 2*o + 3*o, 0 = p - 4*o - 111. List the prime factors of p.
5, 19
Let t = 2 + -8. Let a(x) = -x**3 - 5*x**2 + 5*x - 2. Let h be a(t). Suppose -1 = 3*z + 2*s, -3 + 1 = -h*z - 2*s. What are the prime factors of z?
3
Let f be ((-54)/63)/(2/14). List the prime factors of (-3*2)/(5 + f).
2, 3
Suppose 0 = -3*p - p - 16, 5*b - 4*p = 986. List the prime factors of b.
2, 97
Suppose -u = -78 + 1. List the prime factors of u.
7, 11
Let q(c) = c - 2. Let m be q(5). Let d be 44*(-1 + (-3)/(-2)). Suppose -3*n = 2*o - 8, -o - 4*n - d = -m*o. What are the prime factors of o?
7
Let h(s) = -s - 6. Let j be h(0). Let q = 0 - j. Suppose -i - 3*i + 12 = -2*p, i - 5*p = -q. List the prime factors of i.
2
Suppose -22 = -v + 2. Let r = 0 + v. List the prime factors of r.
2, 3
Let z be (2/(-1))/((-6)/9). Suppose 2*n - n - 35 = -z*w, 4*n = 20. Suppose -3*p + 11 = -w. List the prime factors of p.
7
Suppose -3*y + 5*y - 18 = 0. Let n be 3*1*6/y. Suppose k = -5*p - 2*k + 28, n*p - 36 = 5*k. List the prime factors of p.
2
Let y(v) = -v**3 - 9*v**2 - 6*v + 8. Let p be y(-8). Let u = 3 - p. What are the prime factors of u?
11
Let m(v) = v**2 - 3. What are the prime factors of m(8)?
61
Let y(m) = 9*m**2 - 12*m - 2. Suppose 0*w = -2*w - 14. Let x(r) = 5*r**2 - 6*r - 1. Let j(i) = w*x(i) + 4*y(i). List the prime factors of j(7).
2, 3
Suppose -3*z + 26 = -82. What are the prime factors of z?
2, 3
Suppose 0*l + 76 = 4*l. Let o = l + -27. List the prime factors of (34/o)/((-2)/8).
17
Suppose 573 = 5*n + v - 0*v, 5*n + 3*v - 579 = 0. What are the prime factors of n?
2, 3, 19
Let g(x) = x**3 + 6*x**2 - x - 2. Let k be g(-6). Suppose 4*q - 30 = -p, 0 = -2*p + k*q - 2*q + 10. Let f = 15 - p. List the prime factors of f.
5
What are the prime factors of ((-2)/6)/(1/(-81))?
3
Let b(c) = c**2 + 10*c - 1. Let s be b(-4). Let t = s + 49. What are the prime factors of t?
2, 3
Suppose -10*o + 846 + 354 = 0. What are the prime factors of o?
2, 3, 5
Let n be (-1)/(-3)*(-2 + 95). Suppose -3*z - n = 4*y, 2*y + 15 = -3*z + 4. List the prime factors of 24/y*(-10)/3.
2
Let t(b) = -4*b + 14. What are the prime factors of t(-10)?
2, 3
Let r be 1/1 - (-5 - -2). Let b = 36 + 0. Suppose i + g = -r*g + 12, -3*i = 4*g - b. What are the prime factors of i?
2, 3
Let j be (-1)/(2/4)*-1. Suppose 8 = j*x + 2. Suppose -x*w + 2*t = 2*w - 70, 0 = -t. What are the prime factors of w?
2, 7
Suppose -2*y - 110 = 5*a + 3*y, 0 = a + 5*y + 30. Let i be a/6*(-9)/6. Suppose -v - z + 0*z + 3 = 0, 0 = v + i*z + 5. What are the prime factors of v?
5
Suppose -3 = 5*a + 7. Let l be (-1)/a + 15/10. Suppose -5 = -g - l. List the prime factors of g.
3
Let f be 12*(15/(-9) - -3). Suppose -5*h = -59 - f. What are the prime factors of h?
3, 5
Suppose -6*b + 204 = -2*b. What are the prime factors of b?
3, 17
Let u(o) = -o**3 - 3*o**2 + 5*o. Let q be u(-4). Let l(c) = 2*c**2 + 5*c + 3. Let i be l(q). Suppose 5*s - i = 2*s. What are the prime factors of s?
5
Let i(s) = 15*s**2 - s - 16. List the prime factors of i(-5).
2, 7, 13
Let g be 9 - 0 - (3 + 0). Let t = g + -4. What are the prime factors of t?
2
Let m(n) = 387*n**3 - 5*n**2 - 2*n + 1. List the prime factors of m(1).
3, 127
Let d be (-19)/(-4)*(-4 + 12). Suppose 5*o - 42 = d. What are the prime factors of o?
2
Suppose -x + 18 = -4*x. Let f = x + 9. List the prime factors of f.
3
Let j(l) = -l**3 + 6*l**2 - 6*l + 7. Let g be j(5). Suppose a = 2*q + q + 13, -5*q = g*a + 7. List the prime factors of a.
2
Let z = -45 - -86. List the prime factors of z.
41
Let q(l) = 24*l - 26. Let c(g) = 5*g - 5. Let z(a) = -14*c(a) + 3*q(a). What are the prime factors of z(10)?
2, 3
Let d(z) = -2*z**3 + 2*z**2 - 1. Let m be d(-1). List the prime factors of m/((-6)/(-1))*16.
2
Suppose 0*d - 2*d + 4*i = -8, 2*d - 20 = i. List the prime factors of d.
2, 3
Let t(w) be the second derivative of w**5/20 - 3*w**4/4 + w**3/6 - 2*w**2 + 8*w. Suppose 0 = -2*g - 0*g + 18. List the prime factors of t(g).
5
Suppose 0 = 5*w - w - 20. List the prime factors of w.
5
Let u(n) = 2*n - 4. Let j be u(-4). What are the prime factors of (-8)/12 + (-392)/j?
2
Let d be -6*(2 - 0)/(-4). Suppose 0 = -4*g - 0*g + 8. Suppose g*w = -d*w + 15. What are the prime factors of w?
3
Suppose -3 = 5*r + 127. Let c = r + 42. List the prime factors of c.
2
Let y = 6 + -1. Suppose 3*t - 1 = 2*l - 2*t, 5*t = -y*l + 15. Suppose -l*r + 14 = -0*r. What are the prime factors of r?
7
What are the prime factors of 34/4 + 5/(-10)?
2
Suppose 2*i = 3*i. Suppose 4*v = -4*c - 16, i = 2*c - 0*v + 3*v + 13. Let n = c + 6. What are the prime factors of n?
7
Suppose -2*k + 6*k - 2*h = -18, -2*k + 11 = 3*h. Let y be 22/6 - (-1)/3. Let i = y + k. What are the prime factors of i?
2
Let x(v) = 3*v**3 - v**3 + 10 - 3*v**3 + 1 + 9*v**2 - 9*v. Let i be x(8). Suppose -h + 36 = i*h. List the prime factors of h.
3
Suppose -2*o - 3 = -7. Let w = 4 - o. Suppose -w*n - g = -6*g, n = 2*g + 1. List the prime factors of n.
5
Let j(x) = x**2 - x + 6. What are the prime factors of j(6)?
2, 3
Suppose 6*c = 3*c + 87. List the prime factors of c.
29
Let a(q) = q**2 + q - 4. Let c be a(0). List the prime factors of (-61)/c + (-4)/16.
3, 5
Suppose b + b + 121 = 3*m, -209 = -5*m - 4*b. Suppose j - 17 = 12. Let s = m - j. List the prime factors of s.
2, 3
Let k(w) = 2*w - 19*w**2 + 4*w**2 - 2*w + w. Let x be k(-1). What are the prime factors of ((-5)/4)/(2/x)?
2, 5
Suppose -2*l = -0 - 8. Suppose l*a = m + 127, -3*m - 85 + 1 = -3*a. What are the prime factors of a?
3, 11
Suppose -3*p = -3, p + 103 = 3*z - 202. List the prime factors of z.
2, 3, 17
Let g be 4/(-6) - (-10)/6. Let k = g - 7. List the prime factors of k/(-9)*(2 + 1).
2
Let z(p) = 5*p**2 - 4*p + 3. What are the prime factors of z(3)?
2, 3
What are the prime factors of ((-14)/6)/((-7)/168)?
2, 7
Suppose 45 = -5*p - 0*p. Let o(h) = -17*h + 1. Let q be o(-1). Let j = q + p. What are the prime factors of j?
3
Let o(t) = -t**2 - 10*t + 7. Let b be o(-6). Let k = -19 + b. List the prime factors of k.
2, 3
Let v be 2*7/6*3. Suppose -4*r - 8 = 3*o, v + 12 = -5*o - r. List the prime factors of (2/(-4))/(o/80).
2, 5
Suppose 5*x + 4*o + 15 = 2*x, 4*o = x - 11. What are the prime factors of x/(2 - (-87)/(-42))?
2, 7
Suppose -3*x + 3*j - j - 49 = 0, -2*x - 46 = -4*j. Let m = -7 - x. What are the prime factors of m?
2, 3
List the prime factors of (-11)/((-33)/180) - 4.
2, 7
Let l(r) = 5*r + 2. Let g be l(2). List the prime factors of (-2)/g - 115/(-6).
19
Let f = -389 + 564. List the prime factors of f.
5, 7
Let w be (-8)/(-6)*12/(-2). What are the prime factors of (46/w)/((-2)/8)?
23
Suppose -4*i - 2*v + 57 = -619, 5*v = 0. What are the prime factors of i?
13
Suppose 3*m - 4 = -22. Let g(f) = -f**3 - 7*f**2 - 6*f + 3. What are the prime factors of g(m)?
3
Suppose -4 - 1 = -5*l, 0 = 5*o - l - 24. Suppose 2 = -4*q - 10, -q = o*w - 142. Let s = w + -21. What are the prime factors of s?
2
Let c be (-98)/8 - (-3)/12. Let f = c - -28. List the prime factors of f.
2
Suppose 3 + 5 = 4*n. Let f = n + -2. Suppose f = 5*j - 46 - 4. What are the prime factors of j?
2, 5
Suppose 0*t = -5*g - 3*t + 14, 3*t = -6. Suppose -7 = -4*o + 5. Suppose -o*n = -g*n + 3. List the prime factors of n.
3
Let g(p) = 2*p + 8. What are the prime factors of g(-3)?
2
Let k(u) = -30*u**2 + u. Let f be k(1). Let m = -9 - f. What are the prime factors of m?
2, 5
Suppose k = 2*k - 2. Suppose k*o = 4*q + 8, 0*o - 3*q - 7 = -2*o. Suppose -p - 4*b = 3, -b + 11 = 3*p - o. What are the prime factors of p?
5
Suppose 4*h = -2*x + 142, -h + 102 = 2*h - 3*x. List the prime factors of h.
5, 7
Let u(f) = f**3 + 9*f**2 + 8*f + 3. Let j be u(-8). Suppose -j*z = -8 - 4. Suppose c = z*c - 30. What are the prime factors of c?
2, 5
Let u = -12 - -14. What are the prime factors of (60/3)/u + 1?
11
Let u = 53 + -51. List the prime factors of u.
2
Let i = -15 + 38. What are the prime factors of i?
23
Suppose 0 = 4*n - 179 - 149. List the prime factors of n.
2, 41
Let m = 1 - -2. List the prime factors of m.
3
Let t be (-82)/(-10) - 1/5. Le